In base 15, what is -b17 - -3?
-b14
In base 7, what is -643 - 4?
-650
In base 13, what is bc4 + 3?
bc7
In base 7, what is -131 - -3?
-125
In base 15, what is -510 - -4?
-50b
In base 10, what is -1053 - 0?
-1053
In base 5, what is -1 - 310?
-311
In base 13, what is 2 - 4c?
-4a
In base 5, what is -1024 - -3?
-1021
In base 16, what is 10e + -2?
10c
In base 9, what is 224 + 3?
227
In base 6, what is -4 + 153?
145
In base 2, what is 110000010 - 100?
101111110
In base 11, what is 8 + -101?
-a4
In base 5, what is 31 + 1241?
1322
In base 11, what is 1 + -148?
-147
In base 3, what is 102102010 + -12?
102101221
In base 11, what is -24 - 6?
-2a
In base 10, what is -8007 - 3?
-8010
In base 7, what is 2 - 22?
-20
In base 4, what is 10 + -122033?
-122023
In base 5, what is 0 - 23?
-23
In base 16, what is 33 + 13?
46
In base 7, what is 13 + -5?
5
In base 3, what is -221 + 11?
-210
In base 16, what is -4 + -5?
-9
In base 16, what is -7 - -7c?
75
In base 15, what is 415 - 4?
411
In base 15, what is 1a6 - 4?
1a2
In base 11, what is 5 + -23?
-19
In base 7, what is 4 - 204?
-200
In base 7, what is 2 + -633?
-631
In base 2, what is 1001011010 - 11?
1001010111
In base 8, what is 31 + 5?
36
In base 14, what is -17 - 412?
-429
In base 5, what is -321332 + -4?
-321341
In base 5, what is -4 - -224?
220
In base 16, what is 58 + d?
65
In base 16, what is 2 - -19?
1b
In base 15, what is 9 + -18?
-e
In base 8, what is -2717 + -5?
-2724
In base 8, what is -21021 - -3?
-21016
In base 10, what is -8 - -2?
-6
In base 13, what is 5 - -715?
71a
In base 5, what is -101 + 401?
300
In base 12, what is -75 - 4?
-79
In base 12, what is -1 + -b47?
-b48
In base 4, what is -10 + -13?
-23
In base 11, what is -11 + -17a?
-190
In base 5, what is 213 + 1?
214
In base 16, what is -4 - 157?
-15b
In base 5, what is -1 + -41?
-42
In base 10, what is 2 + -53?
-51
In base 8, what is 1102 - 1?
1101
In base 8, what is -13 - -142?
127
In base 9, what is 832 + -4?
827
In base 5, what is 3 + -31414?
-31411
In base 7, what is 1643 - 26?
1614
In base 11, what is -5 - -78?
73
In base 13, what is 2 + 15?
17
In base 16, what is -7 + -cf?
-d6
In base 8, what is 1 + -33?
-32
In base 10, what is -1 - -100?
99
In base 16, what is -5 - 37?
-3c
In base 16, what is 19e7 - -3?
19ea
In base 6, what is -41151 - -12?
-41135
In base 10, what is -33 + 78?
45
In base 16, what is 6 - -4?
a
In base 11, what is -3 + -159?
-161
In base 9, what is -4 + 1177?
1173
In base 5, what is -1341 + -101?
-1442
In base 15, what is 0 + 12?
12
In base 10, what is -7 - -6?
-1
In base 16, what is -5 - -176?
171
In base 15, what is -5 - -21?
1b
In base 4, what is 3 - -3130?
3133
In base 8, what is 11221 + -6?
11213
In base 14, what is 593 + -1?
592
In base 12, what is -4 + -115?
-119
In base 11, what is 4 - -19?
22
In base 16, what is 222 - -4?
226
In base 11, what is -1 + -75a?
-760
In base 6, what is -3525 - 0?
-3525
In base 3, what is -100 - -102?
2
In base 13, what is -1027 - -1?
-1026
In base 5, what is -1 + 304?
303
In base 5, what is 10 - 320?
-310
In base 14, what is 0 + -44?
-44
In base 7, what is -263 + 0?
-263
In base 13, what is -c + c79?
c6a
In base 9, what is 3 + -4371?
-4367
In base 3, what is 2 - 1121?
-1112
In base 5, what is 2030 - 4?
2021
In base 13, what is -7 - -2?
-5
In base 5, what is -3430 - -211?
-3214
In base 6, what is -14040 + 0?
-14040
In base 10, what is -5 + 4?
-1
In base 6, what is 230 - -501?
1131
In base 14, what is 4 + 45?
49
In base 14, what is 3 - 103d?
-103a
In base 12, what is 31 - 3a?
-9
In base 11, what is -2 - -8?
6
In base 11, what is -12 + -257?
-269
In base 15, what is 6 - 15e?
-158
In base 13, what is c420 + 3?
c423
In base 5, what is -123 + 10?
-113
In base 2, what is -101 - -101111?
101010
In base 2, what is -1100100000001 - 10?
-1100100000011
In base 5, what is 0 - 10040?
-10040
In base 4, what is 2 + 1111213?
1111221
In base 5, what is 422243 - 4?
422234
In base 12, what is 8 + 347?
353
In base 7, what is 0 - -3231?
3231
In base 2, what is 100 - 10010100?
-10010000
In base 4, what is -311201 - -11?
-311130
In base 10, what is 112 + -21?
91
In base 10, what is 4 + -47?
-43
In base 9, what is -32310 + -4?
-32314
In base 10, what is -2 - -872?
870
In base 7, what is 4 - 102?
-65
In base 16, what is -11 - -13?
2
In base 7, what is -1504 - -36?
-1435
In base 2, what is -101110010100 + -10?
-101110010110
In base 12, what is -404 + -3?
-407
In base 8, what is -4 + 260?
254
In base 16, what is 2 - fd4?
-fd2
In base 11, what is -3 - 57?
-5a
In base 9, what is 18 - -121?
140
In base 13, what is -93 - 5?
-98
In base 10, what is -9 - 1?
-10
In base 4, what is 0 - 31231?
-31231
In base 12, what is 427 - 4?
423
In base 3, what is -1 + -101110011?
-101110012
In base 6, what is 1 + -4433?
-4432
In base 14, what is -503 - 0?
-503
In base 6, what is 42 + -54?
-12
In base 8, what is -763 + -5?
-770
In base 3, what is -2111 - 2?
-2120
In base 4, what is 2 + -30301?
-30233
In base 16, what is -1 + 2a?
29
In base 3, what is -2202 - -111001?
101022
In base 15, what is 57 - 1d?
39
In base 15, what is 10 + -4?
b
In base 3, what is 211 + -1110?
-122
In base 16, what is 4 - 31?
-2d
In base 6, what is -1 + -2?
-3
In base 15, what is -5 - 80?
-85
In base 16, what is -4 - -155?
151
In base 11, what is -1a1 + -5?
-1a6
In base 16, what is f6 + c?
102
In base 9, what is -10 - -22?
12
In base 4, what is -10 + 213?
203
In base 13, what is b85 - 3?
b82
In base 7, what is 13 + -11?
2
In base 7, what is 234 - -11?
245
In base 7, what is -13 + -52?
-65
In base 8, what is 3771 - -6?
3777
In base 5, what is -10334 - 3?
-10342
In base 9, what is -202 - 0?
-202
In base 16, what is 1a + -1b?
-1
In base 16, what is 6 + 2e3?
2e9
In base 10, what is -65 - 22?
-87
In base 7, what is -1300 - 61?
-1361
In base 9, what is 5 - 882?
-876
In base 8, what is 234 + -16?
216
In base 3, what is 11 + 200022?
200110
In base 9, what is -3 - -115?
112
In base 7, what is -13 + -52?
-65
In base 3, what is -12012 + -1?
-12020
In base 7, what is -1 - -55?
54
In base 16, what is -1 + 61?
60
In base 6, what is 2 - 10052?
-10050
In base 2, what is -10 - -1110100?
1110010
In base 15, what is -2a7 + -1?
-2a8
In base 6, what is 2 + -21344?
-21342
In base 14, what is 4 + -7d?
-79
In base 5, what is 4 + -2413?
-2404
In base 16, what is 17 + -148?
-131
In base 8, what is -3 + -436?
-441
In base 5, what is 0 - -1230?
1230
In base 5, what is -10 + -1024?
-1034
In base 16, what is 2 - -7c8?
7ca
In base 14, what is 5cc - 2?
5ca
In base 6, what is 5 + 53542?
53551
In base 16, what is 4 + -30?
-2c
In base 2, what is 100 + -1011000010?
-1010111110
In base 7, what is 12560 - -11?
12601
In base 6, what is -155 + -2?
-201
In base 13, what is 18 + 1c?
37
In base 9, what is 5054 - 3?
5051
In base 3, what is 22 + 120?
212
In base 11, what is 843 + 2?
845
In base 12, what is 5 + 62?
67
In base 5, what is -1432 + 2?
-1430
In base 10, what is -2 - -29?
27
In base 12, what is -4 - -141?
139
In base 5, what is 0 - 112120?
-112120
In base 4, what is 0 + -1033?
-1033
In base 2, what is -11111001 - -1011?
-11101110
In base 12, what is 5 + -38a?
-385
In base 5, what is -220 - -30?
-140
In base 5, what is -10 + -100?
-110
In base 4, what is 3 - -311?
320
In base 14, what is -275 + -6?
-27b
In base 7, what is 33 + 1?
34
In base 14, what is -1 + -262?
-263
In base 9, what is -3 + -134?
-137
In base 9, what is 121 - -3?
124
In base 16, what is 3eb + 12?
3fd
In base 7, what is -20 + -401?
-421
In base 3, what is 100 - 1?
22
In base 11, what is -20a + -5?
-214
In base 4, what is 13133 + 2?
13201
In base 5, what is -11201 + 11?
-11140
In base 3, what is -110 - 10011?
-10121
In base 3, what is -20101 - 1111?
-21212
In base 12, what is 3b94 + -4?
3b90
In base 11, what is 2933 + 4?
2937
In base 6, what is 3 + 201?
204
In base 6, what is 1121 - -12?
1133
In base 12, what is b + 9?
18
In base 12, what is -18 - 8?
-24
In base 12, what is 5 + 1?
6
In base 11, what is -5 - 1390?
-1395
In base 16, what is 9d2 + 0?
9d2
In base 14, what is -46 - -12?
-34
In base 3, what is -12 - 11001?
-11020
In base 15, what is 1 + -26?
-25
In base 8, what is -5 - -1121?
1114
In base 4, what is -10 + 13331?
13321
In base 7, what is 4 + 11?
15
In base 3, what is -12 + 20001?
12212
In base 11, what is -32 - 19?
-50
